q - 676902 - 347649 = 0. Calculate the highest common divisor of q and 79.
79
Let o = -331 + 435. What is the highest common divisor of o and 468?
52
Suppose -36 = 2*s - 36. Let v = s + 5. Let n be (-12)/15 - (-79)/v. What is the greatest common divisor of 15 and n?
15
Let g = -6819 + 6948. What is the greatest common divisor of 2236 and g?
43
Let c(n) = 11*n - 32. Let w be c(9). Let j = w - 64. Suppose 0 = 4*g - 2*u - 10, 0*g + 4*u = -j*g - 9. Calculate the highest common factor of g and 3.
1
Let o = -452241 + 453482. Suppose -2*i = 3*i + 3*t - 73, -i = 3*t - 5. What is the highest common divisor of i and o?
17
Let w be (-2)/(1/(-3 + 2)). Suppose w = x, 4*q + x - 48 = 3*x. What is the highest common factor of q and 104?
13
Let w be (16182/(-62))/(1/(-2)*3). Let h = -152 + w. Calculate the highest common divisor of 451 and h.
11
Suppose 0 = -4*n - u + 599, 143*n - 145*n + 3*u + 317 = 0. Calculate the greatest common factor of n and 2.
1
Let w = 1474 + -1324. Calculate the greatest common divisor of w and 3480.
30
Let w(j) = 13*j**2 + 35*j + 133. Let h be w(9). Calculate the greatest common factor of 79 and h.
79
Let i be 2*(8/(-36) + (-1237)/(-18)) + 7. Calculate the highest common factor of 832 and i.
16
Let o = 17402 + -17290. Calculate the highest common factor of 1694 and o.
14
Suppose 2157 + 195 = 8*c + 13*c. What is the greatest common factor of c and 19376?
112
Let s(g) = -g**3 - g**2 + 4*g - 6. Let a be s(5). Let z = -103 - a. What is the greatest common divisor of z and 3?
3
Let w(b) = 3*b**2 - 23*b - 210. Let c be w(-9). Calculate the highest common factor of 6 and c.
6
Suppose 10*s - 4727 = 110 + 1363. Calculate the highest common divisor of s and 558.
62
Let l(v) = 80*v - 544. Let u(r) = 27*r - 181. Let z(c) = -4*l(c) + 11*u(c). Let y be z(5). What is the greatest common factor of y and 168?
14
Let b(d) = -4*d**2 - 30*d + 11. Let m be b(-8). Let j be m/(1/1)*(-8 - -1). Calculate the highest common factor of j and 280.
35
Let n be (13 - 1) + 1*2. Suppose 5*u + 5*m = 1064 - n, 0 = 5*m - 15. Let r be ((-3)/4*-2)/(-9*(-8)/1104). What is the greatest common factor of u and r?
23
Suppose -2*x + 8*g = 4*g - 178, 5*x - 2*g = 485. Calculate the greatest common divisor of x and 1936.
11
Let m(a) = -53*a**3 + 2*a. Let u be m(-2). Suppose -41*p = -37*p - u. Let b = -18 + p. Calculate the highest common divisor of b and 58.
29
Let n be 2*((-46)/(-4) - -6). Let q be (-9)/27 + 32/6. Let c be -4 - q/((-20)/72). Calculate the greatest common factor of n and c.
7
Let q = 16292 - 16276. Suppose -4 = f, -l - 2*f + 552 = 4*l. Calculate the highest common divisor of q and l.
16
Suppose -2*u + 166 = -3*y, -13*y = 86 - 8. Calculate the highest common factor of 111 and u.
37
Suppose 0 = -2*k - 177 - 35. Suppose -59*i - 10032 + 887 = 0. Let j = k - i. What is the highest common divisor of j and 7?
7
Let d(a) = a**3 - 6*a**2 - 15*a - 2. Suppose 0 = 4*j - 48 + 16. Let m be d(j). Let s be (12/9)/((-4)/m) - -24. What is the highest common divisor of s and 33?
11
Let v = -287 - -172. Let d be (236 - (4 - 4))*(-12)/(-24). Let a = d + v. What is the greatest common factor of a and 4?
1
Let c = 191 - 191. Suppose c = -5*j + 169 + 61. What is the highest common factor of 138 and j?
46
Let w be (24/10)/(7 + -9)*-100. Suppose -272 = -635*j + 612*j + 73. What is the greatest common divisor of j and w?
15
Let z = -223 + 373. Let p = 225 - z. What is the greatest common divisor of p and 3?
3
Let g(y) = y**3 - y**2 - 4*y - 81. Let x be g(6). What is the highest common factor of 20 and x?
5
Suppose 4370*r - 4380*r + 6900 = 0. What is the greatest common factor of 4 and r?
2
Let c be ((-176)/66)/(4/(-678)). Suppose -3*v - 5*f - c = -4*v, v = -5*f + 472. What is the greatest common divisor of v and 84?
42
Suppose -146 = 3*j + 94. Let v = j - -72. Let a be 228/v*(-2)/3. Calculate the highest common divisor of 57 and a.
19
Let u(v) = 604*v + 4853. Let d be u(-8). Let x = 69 - -99. Calculate the greatest common divisor of x and d.
21
Suppose 93 = f + 2*x - 2, -3*f + 303 = -3*x. Let s = -93 + f. Let p(y) = y**2 - 4*y + 6. Let b be p(4). What is the greatest common divisor of s and b?
6
Let l = -9 - -10. Suppose -2*m - 2 = 5*k - 0, m + l = k. Suppose k*q = q - 168. Calculate the greatest common divisor of q and 24.
24
Let a = 15896 + -15071. Calculate the highest common divisor of a and 11.
11
Let p(k) = 487*k + 3987. Let f be p(-8). Calculate the greatest common factor of 1022 and f.
7
Let s(h) be the second derivative of -h**4/6 + 20*h**3/3 + 35*h**2/2 - 2*h - 26. Let b be s(20). Calculate the highest common divisor of 280 and b.
35
Suppose -2*t = -3*y - 54, 64 + 48 = 4*t - 5*y. Let b be 7 + (-3)/((-15)/845). What is the highest common divisor of b and t?
11
Let x be (-980704)/(-42) - (-2)/(-21). What is the greatest common divisor of 25 and x?
25
Let i(c) = -88*c - 9346. Let f be i(-122). Calculate the greatest common divisor of 11398 and f.
278
Let d = -1105 - -1275. Calculate the highest common divisor of d and 250.
10
Let q(w) = 2*w**3 - 11*w**2 - 13*w + 2. Let r be q(6). Let f be (-1592)/r - 4/5. Calculate the greatest common factor of 546 and f.
39
Suppose 2*u = -96*g + 99*g - 108494, -5*g + 180807 = -u. What is the greatest common divisor of g and 640?
320
Suppose -3*w + 32*q = 30*q - 234, -2*w + 148 = -4*q. What is the greatest common factor of 976 and w?
16
Let o(u) = -u - 11. Let g be o(-8). Let b be (-14)/g + 4/(-6). Let d = -16355 + 16357. Calculate the highest common factor of d and b.
2
Let q(m) = -3293*m**3 - 3*m**2 - 8*m - 4. Let f be q(-1). Calculate the highest common divisor of f and 36.
18
Let i = 126 - -279. Let b = i + -349. Let z be 124/9 + 8/36. Calculate the greatest common factor of b and z.
14
Suppose -11367 = -3*y - 3*m, -m - 5 + 3 = 0. Suppose 15187 - y = 11*t. What is the highest common divisor of 28 and t?
28
Suppose 5*s - r - 20 - 16 = 0, -32 = -5*s + 2*r. Let l(x) = -2*x**3 + 2*x**2 - 215*x - 1319. Let w be l(-5). Calculate the highest common divisor of s and w.
8
Suppose -456*v = -427*v - 8526. Calculate the greatest common factor of v and 378.
42
Let p be (-22)/(-6) + (-36)/54. Let l be (-2)/((-4)/p) + 126/12. Let h = 3 - -81. Calculate the highest common factor of h and l.
12
Let a(u) = 19*u + 22. Let f be a(5). Suppose i = 4*i - f. Let p(g) = g**2 - 8*g + 13. Let n be p(8). What is the highest common divisor of n and i?
13
Let b = 1045 + -1035. Suppose 52*u - 1302 = b*u. What is the highest common divisor of u and 372?
31
Suppose 138 = 17*u - 83. Suppose 0*m + 4*m - 5*g + 44 = 0, 2*m + 3*g = -44. Let h = 10 - m. What is the greatest common divisor of h and u?
13
Suppose -5*c = -5*t - 2635, -3*t - 16 + 1 = 0. Let v = c + -517. What is the greatest common divisor of 23 and v?
1
Suppose 26*v - 29304 = -55*v + 7*v. Let l(i) = i**2 - i + 6. Let t be l(-5). What is the greatest common divisor of v and t?
36
Let h = 146 - 65. Suppose -b = -i - 14, -2*b - 2*i = -0*i - 16. Suppose b*f - h = 7. Calculate the greatest common factor of f and 8.
8
Suppose 3*n + 4*m - 1304 = 6*m, 4*n - 5*m - 1741 = 0. Suppose t + 2*f = 6*t - 304, -136 = -2*t - 4*f. What is the greatest common divisor of t and n?
62
Let t be (44/(-5))/((-1)/5). Suppose 35*g + 1797 = 502. Let k = t + g. Calculate the greatest common divisor of k and 21.
7
Let i(f) = 137*f + 636. Let j be i(15). What is the highest common factor of 63 and j?
9
Let y = 132 - 39. Let k = -90 - -10. Let b = y + k. What is the highest common factor of 13 and b?
13
Suppose 0 = -26*i + 28*i. Suppose i = 7*d - 1 - 6. Let v be (-4 + d)/((-3)/11). What is the highest common factor of v and 11?
11
Let n = 10529 - 10434. Calculate the highest common factor of n and 17005.
95
Suppose 2*b - 3*x + 2363 = 9770, -7387 = -2*b - x. Calculate the greatest common divisor of 126 and b.
42
Suppose -17388 = -f - 168*f - 20*f. Calculate the greatest common divisor of f and 184.
92
Let a(p) = -4*p - 33. Let c(z) = 11*z + 101. Let x(w) = 17*a(w) + 6*c(w). Let l be x(10). Calculate the greatest common factor of 20 and l.
5
Suppose 88*l = -8326 + 184502. Calculate the greatest common divisor of l and 546.
182
Let m(l) = l**3 + 47*l**2 + 10*l + 486. Let w be m(-47). Calculate the highest common divisor of w and 1448.
8
Let b = -540